 the remainder when 13 is divided by 8.
5
Calculate the remainder when 1604 is divided by 84.
8
Calculate the remainder when 399 is divided by 49.
7
Calculate the remainder when 86 is divided by 29.
28
Calculate the remainder when 320 is divided by 19.
16
Calculate the remainder when 94 is divided by 8.
6
What is the remainder when 356 is divided by 120?
116
What is the remainder when 1501 is divided by 8?
5
What is the remainder when 57 is divided by 12?
9
Calculate the remainder when 249 is divided by 13.
2
Calculate the remainder when 752 is divided by 36.
32
What is the remainder when 542 is divided by 103?
27
What is the remainder when 77 is divided by 59?
18
What is the remainder when 10 is divided by 7?
3
What is the remainder when 520 is divided by 66?
58
Calculate the remainder when 252 is divided by 39.
18
What is the remainder when 4599 is divided by 118?
115
Calculate the remainder when 15806 is divided by 11.
10
What is the remainder when 136 is divided by 28?
24
What is the remainder when 2814 is divided by 16?
14
What is the remainder when 1085 is divided by 154?
7
Calculate the remainder when 3741 is divided by 26.
23
Calculate the remainder when 4735 is divided by 16.
15
What is the remainder when 1994 is divided by 59?
47
Calculate the remainder when 1906 is divided by 55.
36
Calculate the remainder when 75 is divided by 11.
9
What is the remainder when 190 is divided by 61?
7
What is the remainder when 1511 is divided by 309?
275
What is the remainder when 829 is divided by 97?
53
What is the remainder when 205 is divided by 14?
9
What is the remainder when 9757 is divided by 40?
37
What is the remainder when 149 is divided by 14?
9
Calculate the remainder when 4205 is divided by 117.
110
Calculate the remainder when 447 is divided by 59.
34
Calculate the remainder when 389 is divided by 92.
21
Calculate the remainder when 854 is divided by 213.
2
What is the remainder when 674 is divided by 220?
14
Calculate the remainder when 22327 is divided by 77.
74
Calculate the remainder when 1578 is divided by 39.
18
What is the remainder when 301 is divided by 5?
1
What is the remainder when 10724 is divided by 149?
145
What is the remainder when 102 is divided by 76?
26
What is the remainder when 9231 is divided by 57?
54
Calculate the remainder when 381 is divided by 189.
3
Calculate the remainder when 44 is divided by 14.
2
Calculate the remainder when 540 is divided by 103.
25
What is the remainder when 317 is divided by 20?
17
What is the remainder when 18 is divided by 5?
3
What is the remainder when 4225 is divided by 151?
148
What is the remainder when 12667 is divided by 14?
11
What is the remainder when 85 is divided by 31?
23
Calculate the remainder when 3334 is divided by 33.
1
Calculate the remainder when 130 is divided by 29.
14
Calculate the remainder when 300 is divided by 291.
9
What is the remainder when 865 is divided by 355?
155
What is the remainder when 90 is divided by 4?
2
What is the remainder when 63 is divided by 19?
6
What is the remainder when 78 is divided by 19?
2
What is the remainder when 49 is divided by 22?
5
Calculate the remainder when 6664 is divided by 5.
4
Calculate the remainder when 258 is divided by 2.
0
What is the remainder when 429 is divided by 17?
4
What is the remainder when 1304 is divided by 109?
105
What is the remainder when 266 is divided by 6?
2
What is the remainder when 6798 is divided by 16?
14
What is the remainder when 38 is divided by 21?
17
Calculate the remainder when 1877 is divided by 33.
29
What is the remainder when 38 is divided by 10?
8
Calculate the remainder when 7033 is divided by 128.
121
Calculate the remainder when 899 is divided by 10.
9
Calculate the remainder when 181 is divided by 90.
1
What is the remainder when 59 is divided by 59?
0
What is the remainder when 4099 is divided by 158?
149
What is the remainder when 606 is divided by 77?
67
What is the remainder when 94 is divided by 31?
1
What is the remainder when 249 is divided by 84?
81
What is the remainder when 201 is divided by 31?
15
Calculate the remainder when 603 is divided by 587.
16
What is the remainder when 8396 is divided by 26?
24
Calculate the remainder when 195 is divided by 39.
0
What is the remainder when 1678 is divided by 77?
61
Calculate the remainder when 1137 is divided by 20.
17
What is the remainder when 33 is divided by 5?
3
What is the remainder when 1535 is divided by 38?
15
Calculate the remainder when 1414 is divided by 230.
34
Calculate the remainder when 153 is divided by 22.
21
What is the remainder when 30 is divided by 18?
12
What is the remainder when 497 is divided by 25?
22
Calculate the remainder when 634 is divided by 49.
46
What is the remainder when 823 is divided by 17?
7
What is the remainder when 533 is divided by 107?
105
What is the remainder when 7434 is divided by 201?
198
What is the remainder when 116 is divided by 30?
26
What is the remainder when 2672 is divided by 27?
26
Calculate the remainder when 208 is divided by 55.
43
Calculate the remainder when 211 is divided by 48.
19
Calculate the remainder when 2497 is divided by 49.
47
Calculate the remainder when 2396 is divided by 594.
20
Calculate the remainder when 370 is divided by 145.
80
Calculate the remainder when 14853 is divided by 179.
175
What is the remainder when 1813 is divided by 35?
28
Calculate the remainder when 2469 is divided by 12.
9
What is the remainder when 624 is divided by 92?
72
What is the remainder when 579 is divided by 193?
0
What is the remainder when 264 is divided by 189?
75
Calculate the remainder when 56 is divided by 19.
18
Calculate the remainder when 1181 is divided by 148.
145
Calculate the remainder when 480 is divided by 98.
88
What is the remainder when 47 is divided by 25?
22
Calculate the remainder when 339 is divided by 44.
31
Calculate the remainder when 2125 is divided by 358.
335
Calculate the remainder when 135 is divided by 47.
41
What is the remainder when 2657 is divided by 884?
5
What is the remainder when 88 is divided by 59?
29
Calculate the remainder when 295 is divided by 8.
7
Calculate the remainder when 67 is divided by 26.
15
What is the remainder when 403 is divided by 48?
19
What is the remainder when 9779 is divided by 144?
131
What is the remainder when 77 is divided by 53?
24
Calculate the remainder when 3830 is divided by 545.
15
What is the remainder when 101 is divided by 21?
17
Calculate the remainder when 628 is divided by 62.
8
What is the remainder when 83 is divided by 24?
11
What is the remainder when 280 is divided by 71?
67
Calculate the remainder when 215 is divided by 43.
0
What is the remainder when 1565 is divided by 169?
44
Calculate the remainder when 1255 is divided by 8.
7
Calculate the remainder when 606 is divided by 87.
84
What is the remainder when 135 is divided by 28?
23
Calculate the remainder when 1763 is divided by 68.
63
What is the remainder when 81 is divided by 31?
19
What is the remainder when 50 is divided by 7?
1
Calculate the remainder when 161 is divided by 22.
7
What is the remainder when 347 is divided by 117?
113
Calculate the remainder when 177 is divided by 86.
5
What is the remainder when 220 is divided by 57?
49
What is the remainder when 2174 is divided by 34?
32
Calculate the remainder when 3869 is divided by 32.
29
Calculate the remainder when 3318 is divided by 10.
8
Calculate the remainder when 385 is divided by 164.
57
What is the remainder when 201 is divided by 145?
56
What is the remainder when 86 is divided by 13?
8
What is the remainder when 956 is divided by 478?
0
What is the remainder when 180 is divided by 54?
18
What is the remainder when 1631 is divided by 8?
7
Calculate the remainder when 979 is divided by 10.
9
Calculate the remainder when 2123 is divided by 17.
15
What is the remainder when 221 is divided by 25?
21
Calculate the remainder when 21 is divided by 8.
5
Calculate the remainder when 3002 is divided by 215.
207
What is the remainder when 920 is divided by 306?
2
Calculate the remainder when 16 is divided by 4.
0
Calculate the remainder when 3930 is divided by 1945.
40
What is the remainder when 397 is divided by 136?
125
What is the remainder when 947 is divid